(base 8) in base 14?
58
What is -b (base 16) in base 6?
-15
-2 (base 14) to base 2
-10
-20 (base 13) to base 9
-28
Convert -1022 (base 3) to base 5.
-120
What is 100111 (base 2) in base 13?
30
Convert 1 (base 11) to base 16.
1
Convert 0 (base 7) to base 6.
0
What is 221 (base 3) in base 10?
25
-108 (base 13) to base 2
-10110001
Convert -54 (base 7) to base 9.
-43
-1 (base 9) to base 15
-1
b (base 14) to base 9
12
What is -401 (base 6) in base 15?
-9a
Convert 0 (base 15) to base 16.
0
Convert 32 (base 10) to base 11.
2a
20 (base 7) to base 9
15
What is 20 (base 10) in base 16?
14
11 (base 12) to base 7
16
3 (base 11) to base 3
10
What is -21 (base 10) in base 6?
-33
Convert 10 (base 2) to base 10.
2
5a (base 11) to base 9
72
Convert 67 (base 11) to base 9.
81
What is -2 (base 14) in base 2?
-10
What is 234 (base 7) in base 6?
323
What is -12 (base 6) in base 10?
-8
2 (base 6) to base 7
2
What is 3 (base 5) in base 6?
3
What is 203 (base 7) in base 8?
145
What is -3c (base 13) in base 15?
-36
Convert -8 (base 9) to base 2.
-1000
What is 305 (base 9) in base 15?
118
What is 4 (base 9) in base 4?
10
-1ba (base 14) to base 4
-11220
Convert 135 (base 8) to base 7.
162
Convert 3c (base 14) to base 4.
312
Convert 4 (base 9) to base 16.
4
-d (base 14) to base 7
-16
What is -5 (base 16) in base 10?
-5
What is -3 (base 9) in base 13?
-3
What is -35 (base 8) in base 4?
-131
Convert -10 (base 7) to base 12.
-7
Convert -11 (base 5) to base 12.
-6
-3 (base 14) to base 13
-3
What is 7 (base 14) in base 16?
7
2 (base 13) to base 12
2
-2130 (base 4) to base 10
-156
-2 (base 13) to base 15
-2
What is 22 (base 9) in base 12?
18
What is 147 (base 9) in base 13?
97
What is -2 (base 3) in base 7?
-2
Convert 5 (base 9) to base 7.
5
What is 2 (base 14) in base 12?
2
-19 (base 16) to base 4
-121
What is -121 (base 5) in base 7?
-51
What is a (base 13) in base 6?
14
What is 24 (base 8) in base 15?
15
Convert -3 (base 5) to base 9.
-3
6 (base 11) to base 13
6
Convert 7 (base 12) to base 9.
7
What is 23 (base 6) in base 16?
f
Convert 0 (base 13) to base 15.
0
What is -4 (base 15) in base 14?
-4
What is 5 (base 6) in base 12?
5
What is 6 (base 15) in base 4?
12
What is 102 (base 10) in base 7?
204
What is -10001 (base 2) in base 6?
-25
What is 221 (base 9) in base 12?
131
What is 1 (base 9) in base 7?
1
Convert -2012 (base 4) to base 12.
-b2
-4 (base 9) to base 4
-10
What is -2 (base 3) in base 14?
-2
c (base 16) to base 2
1100
-36 (base 12) to base 7
-60
Convert -43 (base 10) to base 5.
-133
What is -19 (base 12) in base 3?
-210
1 (base 5) to base 9
1
What is -5 (base 9) in base 8?
-5
-14 (base 9) to base 10
-13
Convert -1000111 (base 2) to base 3.
-2122
What is 0 (base 7) in base 4?
0
Convert -1 (base 6) to base 8.
-1
What is 1 (base 4) in base 9?
1
What is 10 (base 7) in base 2?
111
Convert -3 (base 8) to base 3.
-10
-1 (base 9) to base 15
-1
-27 (base 15) to base 14
-29
Convert 45 (base 11) to base 10.
49
Convert -12 (base 7) to base 13.
-9
-2030 (base 4) to base 16
-8c
16 (base 13) to base 16
13
Convert 71 (base 12) to base 15.
5a
Convert -31 (base 9) to base 4.
-130
37 (base 12) to base 14
31
Convert 11 (base 2) to base 16.
3
What is -1213 (base 5) in base 11?
-157
Convert 10 (base 14) to base 9.
15
Convert 74 (base 8) to base 16.
3c
What is 23 (base 9) in base 10?
21
0 (base 8) to base 6
0
What is -3 (base 15) in base 3?
-10
What is -10 (base 5) in base 10?
-5
Convert -24 (base 8) to base 6.
-32
Convert -1220 (base 3) to base 15.
-36
What is -16 (base 9) in base 7?
-21
What is 175 (base 13) in base 2?
100001001
What is -6 (base 11) in base 8?
-6
What is 3 (base 13) in base 12?
3
4a (base 16) to base 3
2202
Convert 19 (base 16) to base 14.
1b
154 (base 7) to base 16
58
Convert -2 (base 14) to base 2.
-10
240 (base 5) to base 16
46
0 (base 7) to base 2
0
-3 (base 15) to base 11
-3
Convert -1030 (base 6) to base 15.
-109
What is -135 (base 9) in base 8?
-161
Convert -1 (base 2) to base 10.
-1
What is 16 (base 7) in base 12?
11
Convert 8 (base 9) to base 16.
8
-110 (base 2) to base 16
-6
Convert 2 (base 6) to base 14.
2
16 (base 7) to base 15
d
-3a (base 14) to base 11
-48
24 (base 7) to base 3
200
What is -111 (base 5) in base 4?
-133
What is 40 (base 11) in base 5?
134
What is 0 (base 7) in base 9?
0
Convert -b7 (base 13) to base 12.
-106
Convert -3 (base 12) to base 4.
-3
What is 110 (base 4) in base 13?
17
3 (base 16) to base 10
3
-2001 (base 4) to base 5
-1004
Convert -30 (base 9) to base 5.
-102
What is -513 (base 7) in base 15?
-120
Convert 12 (base 8) to base 9.
11
What is -101222 (base 3) in base 14?
-172
What is 14 (base 5) in base 13?
9
What is 2 (base 16) in base 3?
2
Convert 2 (base 8) to base 9.
2
Convert -4 (base 16) to base 4.
-10
Convert 51 (base 16) to base 10.
81
74 (base 13) to base 16
5f
Convert -1 (base 4) to base 14.
-1
-11 (base 11) to base 9
-13
-43 (base 13) to base 7
-106
Convert -1b (base 13) to base 11.
-22
Convert 10 (base 4) to base 5.
4
What is 0 (base 11) in base 14?
0
What is -1010 (base 2) in base 5?
-20
What is -16 (base 7) in base 16?
-d
What is -8 (base 11) in base 9?
-8
28 (base 9) to base 13
20
-56 (base 11) to base 9
-67
What is 2141 (base 5) in base 14?
172
What is 0 (base 6) in base 11?
0
9a (base 15) to base 8
221
Convert -4 (base 13) to base 10.
-4
Convert -22 (base 14) to base 3.
-1010
5 (base 10) to base 4
11
What is -11 (base 4) in base 13?
-5
What is -43 (base 8) in base 6?
-55
Convert -3 (base 8) to base 4.
-3
Convert 25 (base 9) to base 14.
19
101 (base 4) to base 9
18
-103 (base 4) to base 6
-31
What is 14 (base 12) in base 16?
10
-18f (base 16) to base 14
-207
Convert -1 (base 4) to base 3.
-1
What is 4 (base 13) in base 4?
10
Convert -120 (base 4) to base 7.
-33
133 (base 4) to base 14
23
Convert 5 (base 12) to base 3.
12
Convert 1 (base 16) to base 10.
1
1 (base 9) to base 15
1
10 (base 5) to base 13
5
What is -11 (base 11) in base 10?
-12
What is 3 (base 14) in base 16?
3
What is -76 (base 13) in base 14?
-6d
What is -3 (base 5) in base 9?
-3
What is 28 (base 15) in base 3?
1102
What is -1 (base 3) in base 13?
-1
What is -1211 (base 4) in base 15?
-6b
Convert -34 (base 10) to base 15.
-24
20 (base 5) to base 2
1010
What is -1 (base 4) in base 10?
-1
Convert -1042 (base 6) to base 12.
-182
What is 111 (base 2) in base 13?
7
What is -1 (base 14) in base 16?
-1
0 (base 16) to base 7
0
Convert 2 (base 9) to base 15.
2
What is 10 (base 7) in base 4?
13
Convert 244 (base 5) to base 13.
59
Convert 1 (base 12) to base 15.
1
Convert -20 (base 4) to base 13.
-8
What is 1 (base 3) in base 5?
1
-3 (base 6) to base 12
-3
What is -1010 (base 3) in base 13?
-24
Convert -214 (base 5) to base 15.
-3e
-101 (base 2) to base 7
-5
112 (base 9) to base 14
68
-13 (base 15) to base 13
-15
Convert 4 (base 14) to base 11.
4
What is 103 (base 4) in base 2?
10011
What is -13 (base 10) in base 12?
-11
What is -100110 (base 2) in base 6?
-102
Convert 1 (base 12) to base 9.
1
41 (base 11) to base 16
2d
What is -3130 (base 4) in base 15?
-ea
What is 2 (base 12) in base 13?
2
Convert 130 (base 6) to base 11.
4a
Convert -10230 (base 4) to base 9.
-363
Convert 117 (base 13) to base 9.
230
Convert -2 (base 7) to base 8.
-2
-1042 (base 5) to base 14
-a7
-241 (base 8) to base 2
-10100001
Convert -2 (base 3) to base 16.
-2
Convert -9 (base 10) to base 7.
-12
Convert -10 (base 6) to base 4.
-12
Convert 23 (base 5) to base 3.
111
Convert 1044 (base 6) to base 3.
100001
-16 (base 7) to base 14
-d
What is -240 (base 5) in base 15?
-4a
Convert -19 (base 11) to base 9.
-22
Convert 64 (base 13) to base 2.
1010010
What is -1 (base 14) in base 8?
-1
Convert -18 (base 10) to base 9.
-20
What is -3 (base 13) in base 9?
-3
Convert 1 (base 5) to base 3.
1
-12 (base 5) to base 13
-7
102 (base 7) to base 14
39
What is 5 (base 8) in base 7?
5
What is -1111 (base 2) in base 11?
-14
What is 18 (base 10) in base 3?
200
-190 (base 10) to base 2
-10111110
What is 134 (base 10) in base 4?
2012
Convert -64 (base 7) to base 11.
-42
10001 (base 2) to base 14
13
2 (base 7) to base 13
2
Convert 25 (base 6) to base 8.
21
Convert -11001 (base 2) to base 5.
-100
Convert 4 (base 7) to base 3.
11
1a (base 14) to base 4
120
Convert -119 (base 15) to base 10.
-249
Convert -4 (base 